481490?
False
Is 73710 a multiple of 189?
True
Does 58 divide 182515?
False
Is 4049836 a multiple of 1139?
False
Is 622 a factor of 8489678?
True
Is 43090 a multiple of 31?
True
Is 7949613 a multiple of 126?
False
Does 131 divide 120908?
False
Is 648 a factor of 856713?
False
Is 187390 a multiple of 4?
False
Does 42 divide 455700?
True
Does 15 divide 869132?
False
Is 102811 a multiple of 333?
False
Is 164969 a multiple of 14?
False
Is 968880 a multiple of 44?
True
Does 6 divide 2841840?
True
Does 38 divide 1606906?
True
Does 3 divide 11302?
False
Does 6 divide 494423?
False
Does 271 divide 1133755?
False
Does 3 divide 64050?
True
Is 210 a factor of 3640350?
True
Is 2070999 a multiple of 29?
False
Does 24 divide 174456?
True
Does 57 divide 233045?
False
Does 9 divide 102090?
False
Is 16 a factor of 152411?
False
Is 3349756 a multiple of 323?
False
Is 15317 a multiple of 53?
True
Is 5755854 a multiple of 260?
False
Is 1344 a factor of 11119116?
False
Is 836981 a multiple of 332?
False
Is 126063 a multiple of 63?
True
Is 13 a factor of 102152?
False
Is 46 a factor of 1036567?
False
Does 63 divide 4473?
True
Is 119 a factor of 164458?
True
Does 137 divide 893770?
False
Is 15010 a multiple of 74?
False
Is 2779096 a multiple of 407?
False
Does 21 divide 90403?
False
Is 78570 a multiple of 27?
True
Is 23 a factor of 25162?
True
Is 41 a factor of 101270?
True
Does 7 divide 186453?
False
Is 4382880 a multiple of 37?
False
Is 34 a factor of 5196424?
True
Is 157 a factor of 3017383?
True
Is 12 a factor of 3879134?
False
Is 10 a factor of 1139900?
True
Is 96048 a multiple of 29?
True
Is 295765 a multiple of 397?
True
Is 47 a factor of 928626?
True
Is 622335 a multiple of 47?
False
Is 16 a factor of 425216?
True
Does 125 divide 158636?
False
Is 106 a factor of 3071969?
False
Is 43560 a multiple of 12?
True
Is 16208038 a multiple of 374?
True
Does 50 divide 44250?
True
Is 236973 a multiple of 33?
True
Is 1785 a multiple of 5?
True
Is 4425385 a multiple of 95?
True
Is 8 a factor of 157738?
False
Is 12 a factor of 5841924?
True
Is 2844345 a multiple of 190?
False
Is 200222 a multiple of 11?
True
Does 117 divide 29367?
True
Does 13 divide 891435?
False
Is 277920 a multiple of 24?
True
Is 9 a factor of 2519509?
False
Does 42 divide 5396706?
True
Is 146 a factor of 4137056?
True
Does 121 divide 1507036?
False
Is 8 a factor of 3285421?
False
Does 114 divide 2850?
True
Is 2630388 a multiple of 109?
True
Does 274 divide 10637456?
False
Does 524 divide 2725299?
False
Does 174 divide 2998846?
False
Is 404693 a multiple of 20?
False
Is 50 a factor of 15877387?
False
Is 3883265 a multiple of 14?
False
Does 8 divide 51899?
False
Is 1270946 a multiple of 735?
False
Is 39071 a multiple of 8?
False
Is 39761 a multiple of 70?
False
Does 19 divide 469614?
False
Does 9 divide 224442?
True
Does 7 divide 53106?
False
Is 40 a factor of 157240?
True
Is 2477109 a multiple of 73?
True
Is 126577 a multiple of 195?
False
Is 126615 a multiple of 115?
True
Is 567 a factor of 4610277?
True
Is 400 a factor of 9916800?
True
Is 833 a factor of 771358?
True
Is 13395 a multiple of 19?
True
Does 61 divide 34831?
True
Is 7934018 a multiple of 9?
False
Is 280588 a multiple of 154?
True
Is 33 a factor of 251973?
False
Is 5363352 a multiple of 36?
True
Does 6 divide 216594?
True
Is 24022753 a multiple of 1095?
False
Is 72524 a multiple of 4?
True
Is 2 a factor of 222247?
False
Is 19 a factor of 526490?
True
Does 24 divide 9157848?
True
Does 4 divide 4472428?
True
Is 592375 a multiple of 25?
True
Is 100 a factor of 439181?
False
Is 215090 a multiple of 175?
False
Does 63 divide 3384008?
False
Is 20 a factor of 109476?
False
Is 1732861 a multiple of 16?
False
Does 43 divide 56148?
False
Does 191 divide 4280107?
False
Does 29 divide 8175666?
False
Does 14 divide 8232310?
False
Is 5 a factor of 209669?
False
Is 62 a factor of 13122548?
True
Is 808 a factor of 3027576?
True
Does 25 divide 1311372?
False
Is 4114150 a multiple of 535?
True
Is 11313 a multiple of 39?
False
Is 131 a factor of 352914?
True
Is 243 a factor of 254907?
True
Does 1242 divide 22069098?
True
Is 626 a factor of 12803432?
False
Is 23244852 a multiple of 12?
True
Does 77 divide 5347171?
False
Does 24 divide 133209?
False
Does 46 divide 2882558?
False
Is 5963283 a multiple of 817?
True
Is 3910 a multiple of 17?
True
Is 18 a factor of 375570?
True
Is 8 a factor of 28307872?
True
Is 234 a factor of 2178540?
True
Is 5736 a multiple of 4?
True
Does 198 divide 523934?
False
Is 2068373 a multiple of 421?
True
Is 3 a factor of 329001?
True
Does 57 divide 929323?
False
Is 775423 a multiple of 680?
False
Is 65 a factor of 23262200?
True
Is 9 a factor of 969912?
True
Is 399637 a multiple of 3?
False
Is 60 a factor of 5082540?
True
Does 471 divide 2647020?
True
Is 221233 a multiple of 96?
False
Is 15701631 a multiple of 18?
False
Is 4066216 a multiple of 14?
True
Is 1694555 a multiple of 97?
False
Is 44 a factor of 439584?
False
Does 26 divide 638664?
True
Does 119 divide 584528?
True
Is 28 a factor of 29140720?
True
Is 5256 a multiple of 9?
True
Is 36 a factor of 5981472?
True
Is 4 a factor of 137248?
True
Does 13 divide 954129?
False
Is 868928 a multiple of 693?
False
Is 115 a factor of 98804?
False
Is 139515 a multiple of 16?
False
Is 273901 a multiple of 159?
False
Is 133 a factor of 6356?
False
Is 4350 a multiple of 3?
True
Does 3 divide 54729?
True
Is 39 a factor of 5951903?
False
Is 714 a factor of 449400?
False
Is 254938 a multiple of 16?
False
Is 13056 a multiple of 544?
True
Is 331 a factor of 2889511?
False
Does 81 divide 902664?
True
Is 52746 even?
True
Is 140 a factor of 334740?
True
Is 5 a factor of 1792860?
True
Does 53 divide 3065345?
False
Is 63591 a multiple of 69?
False
Does 43 divide 6252329?
True
Is 189362 a multiple of 55?
False
Is 191646 a multiple of 27?
True
Is 49 a factor of 8701842?
False
Is 6377 a multiple of 79?
False
Is 2662164 a multiple of 146?
True
Is 1385425 a multiple of 68?
False
Is 26 a factor of 440270?
False
Is 42 a factor of 59074?
False
Is 356196 a multiple of 56?
False
Is 110223 a multiple of 54?
False
Is 3094067 a multiple of 17?
False
Is 10 a factor of 156659?
False
Does 18 divide 1120068?
True
Is 752 a factor of 582048?
True
Does 72 divide 154368?
True
Is 5607925 a multiple of 17?
False
Does 9 divide 1494848?
False
Is 84215 a multiple of 15?
False
Is 440 a factor of 14993000?
True
Does 3 divide 57005?
False
Is 277745 a multiple of 299?
False
Is 249305 a multiple of 35?
True
Does 234 divide 7169526?
True
Is 613514 a multiple of 158?
True
Is 2393149 a multiple of 600?
False
Is 185 a factor of 215821?
False
Is 1882 even?
True
Does 335 divide 145055?
True
Does 111 divide 3889884?
True
Does 11 divide 29931?
True
Is 139138 a multiple of 73?
True
Is 2 a factor of 164022?
True
Is 77297 a multiple of 3?
False
Is 30840 even?
True
Does 87 divide 924201?
True
Does 274 divide 9995520?
True
Does 10 divide 55900?
True
Does 390 divide 5325450?
True
Is 67611 a multiple of 4?
False
Is 37 a factor of 7325224?
False
Does 30 divide 133590?
True
Does 14 divide 4273038?
True
Is 6867113 a multiple of 157?
False
Is 154 a factor of 79351?
False
Does 859 divide 17831981?
True
Does 38 divide 160570?
False
Does 12 divide 7261548?
True
Does 105 divide 73282?
False
Is 702458 a multiple of 210?
False
Is 1275 a factor of 1282851?
False
Is 130 a factor of 176670?
True
Is 5 a factor of 65250?
True
Does 80 divide 917807?
False
Is 365 a factor of 1074195?
True
Is 8047511 a multiple of 48?
False
Is 559304 a multiple of 195?
False
Is 24 a factor of 151303?
False
Is 18780 a multiple of 30?
True
Is 909672 a multiple of 142?
False
Does 20 divide 31553?
False
Does 271 divide 662971?
False
Is 70589 a multiple of 9?
False
Is 17 a factor of 927520?
True
Does 130 divide 488670?
True
Is 462480 a multiple of 8?
True
Is 576828 a multiple of 126?
True
Is 104 a factor of 320736?
True
Is 377 a factor of 553436?
True
Is 556344 a multiple of 12?
True
Is 390000 a multiple of 13?
True
Does 31 divide 16308418?
True
Is 27 a factor of 473175?
True
Is 419390 a multiple of 85?
True
Is 81 a factor of 105948?
True
Does 83 divide 6142?
True
Is 144608 a multiple of 19?
False
Is 88407 a multiple of 57?
True
Does 4 divide 14992?
True
Is 143976 a multiple of 8?
